 l(d). Suppose 16*z - 11*z - m = 0. What are the prime factors of z?
2, 7
Let j = 1323 - 374. List the prime factors of j.
13, 73
Suppose 2*z = -z - h + 54, -2*h = 2*z - 36. Let f be (10/(-3))/((-12)/z). Suppose 4*v = -2*k + 140, 2*v - 57 - f = -3*k. What are the prime factors of v?
37
Suppose 0 = 4*z, 7*z - 2*z - 9 = -3*t. Suppose -r = 5*c - 24, -t*r + r + 4*c = -48. List the prime factors of r.
2, 3
Let c be (-2)/(-6) - (-170)/(-6). Suppose 3*x = 2*h + 64, 0*h - 18 = h - 5*x. Let r = c - h. What are the prime factors of r?
2, 5
What are the prime factors of 949/(-3)*(31 - 34)?
13, 73
Let p be -4 + 22/3 - (-3)/(-9). List the prime factors of (-194 - 4)/(p + -4).
2, 3, 11
Let r(c) = -2*c**2 - 12*c - 17. Let m be r(-7). Let n = 49 + m. List the prime factors of n.
2, 3
Let j = -685 + 1161. What are the prime factors of j?
2, 7, 17
Suppose -5*k - d + 14 = 0, 4*k = -0*k - 5*d + 7. Suppose k*i = -4*y + 172, 3*y - 100 = -0*y + 5*i. List the prime factors of y.
2, 5
Let m(g) = -25*g**3 - 4*g**2 - 8. Let r(a) = -51*a**3 - 8*a**2 - 17. Let f(z) = 13*m(z) - 6*r(z). List the prime factors of f(-2).
2, 67
Let f(x) = -x - 7. Let v be f(-10). Suppose b = 5*s - 3*s + 136, 0 = 5*s - v*b + 342. List the prime factors of 4/6*s/(-4).
11
Suppose -3*j - 8 = -4*a - 64, -4*j - 3*a = -108. Suppose j*i - 1662 = 18*i. List the prime factors of i.
277
Suppose -5*r + 3410 = -5*b, 4*r + 2*b - b = 2753. What are the prime factors of r?
3, 229
Suppose 5*q + 19 = 104. Suppose 5*c + x + 36 = -33, -41 = 3*c + x. Let i = c + q. List the prime factors of i.
3
Let u = -89 - -99. Suppose -13*r + u*r = -414. What are the prime factors of r?
2, 3, 23
Let y(j) = j**2 - 3*j + 2. Let d(m) = 4*m**2 - 9*m + 7. Let l(x) = 2*d(x) - 7*y(x). Let v be l(-4). List the prime factors of (62/(-2) - v)/(-1).
5, 7
Let o = -14 - -10. Let c = o + 6. What are the prime factors of (c/(-3))/(4/(-66))?
11
Suppose -19*z + 1599 = -6*z. Suppose 0*j + 4 = j - 2*r, 0 = 3*j + 5*r - 23. Suppose -z + 525 = j*i. What are the prime factors of i?
67
Suppose 5*m - 688 = a, -3*m - 4*a - a + 424 = 0. Suppose 12 = t - m. What are the prime factors of -12*(t/(-8))/5?
3, 5
Let g(d) = 20*d**2 + 7*d - 11. What are the prime factors of g(-6)?
23, 29
Let o(s) = -2*s - 18. Let w be o(-10). Suppose 636 = w*d + 2*d. List the prime factors of d.
3, 53
Let y = 176 + 52. Let c be ((-12)/(-36))/(2/y). Let r = c - 26. List the prime factors of r.
2, 3
Let p be (((-164)/(-2))/1)/(12 - 10). Suppose 37 = 2*f - p. What are the prime factors of f?
3, 13
Let j(r) be the second derivative of 2*r**2 - 1/2*r**3 + 0 + 8*r + r**4. List the prime factors of j(2).
2, 23
Let b(n) = n**3 + 7*n**2 - 2*n + 1. Let k be b(-7). Let z = 220 + -143. Suppose -u - k + z = 0. List the prime factors of u.
2, 31
Let m be 904/4 + -2 + -2. Suppose 5*f = -52 + m. What are the prime factors of f?
2, 17
Let s(h) = 21*h**2 - 4*h - 6. Let c be 11/99 + (-19)/9. List the prime factors of s(c).
2, 43
Let o(f) = f**3 - 8*f**2 + 7*f + 10. Let g be o(7). Suppose -222 = -g*t + 4*t. List the prime factors of t.
37
Let h(f) = 107*f + 11. Let s be h(-5). Let p = s - -738. List the prime factors of p.
2, 107
Let y = 47 - 27. Suppose -2*d = -4*b - y, -3*d = -6*d + 4*b + 20. Suppose d*m = -m + 10. What are the prime factors of m?
2, 5
Let u(l) = -109*l + 210. What are the prime factors of u(-13)?
1627
List the prime factors of 3*1/(-1)*(-1568)/14.
2, 3, 7
Suppose -2*v + 3 = -5. Suppose -4*p + 208 = -0*p + 2*o, -3*p - v*o = -146. What are the prime factors of p?
2, 3
Let x be 2/(2 + 0) - 2. Let g(f) = 12*f**2. Let a be g(x). Suppose -4*v + n = -2*n - 26, -4*n + a = 4*v. List the prime factors of v.
5
Let r(c) = c**2 - c. Let t(k) = 7*k + 3*k - 5*k**2 + k**3 - 3*k**2 - 3. Let l(s) = -3*r(s) + t(s). List the prime factors of l(10).
3
Let k be -6 + 2/(-1) + 4. Suppose -4*i - 4*p + 13 = p, -3*i + 4*p + 33 = 0. Let g = k + i. List the prime factors of g.
3
Let h = -61 - -73. Suppose 0 = -f + 12 + h. What are the prime factors of f?
2, 3
Suppose 15 = -9*t + 6*t, 5*i + 2*t - 11215 = 0. List the prime factors of i.
5, 449
Suppose -10*n = 3*n - 4524. Suppose -5*c = -3*l + 250, 6*l - n = 2*l + 3*c. What are the prime factors of l?
2, 3, 5
Suppose 0 = 32*m + 147 + 13. Let l(s) = -s + 10. Let w(r) = -3*r + 21. Let b(o) = -9*l(o) + 4*w(o). List the prime factors of b(m).
3
Suppose 4*i = 3*x + 1876, 8*i + 2*x - 1896 = 4*i. What are the prime factors of i?
2, 59
Let f be 3*((-390)/9)/(-5). Let a = f + 1. Suppose -a = -2*w + 35. List the prime factors of w.
31
Suppose 0 = -3*o - 6, 4*c + 41677 = 3*c - o. List the prime factors of c/(-225) + 2/(-9).
5, 37
Let j(w) = -5 + 61*w - 10*w + 155*w - 28*w. Let p be j(-7). What are the prime factors of (-2)/6 + p/(-27)?
2, 23
Suppose 0*b + b = 5. Suppose -5*s + 7 = -3*h + b, 3*h = -2*s + 26. List the prime factors of (h - 12/3)*8.
2
Suppose -p = 3*g - 6*p + 190, 2*g + 135 = 5*p. Let i = -94 + 16. Let q = g - i. List the prime factors of q.
23
Let a(u) = -u**3 + 12*u**2 - 19*u + 32. What are the prime factors of a(7)?
2, 3
Let x(u) be the third derivative of -85*u**4/24 - 7*u**3/6 + 6*u**2. List the prime factors of x(-2).
163
What are the prime factors of (256/8 + -2)*(-348)/(-10)?
2, 3, 29
Let g(v) = -3*v + 19. Let d be g(13). Let r be 4*(3 - d/(-8)). What are the prime factors of 75/12*8/r?
5
Let i be (5/3)/(7/42). Let b be (-4)/(-10) + (-138)/(-5). Let l = b - i. List the prime factors of l.
2, 3
Suppose -2*g - 1 - 7 = 0. Let j(c) = 3*c**2 + c + 8. List the prime factors of j(g).
2, 13
Let m(y) be the third derivative of -y**5/60 - 11*y**4/24 - 4*y**3/3 - 31*y**2. Suppose -k - 7 = 2. What are the prime factors of m(k)?
2, 5
Let l(q) = -263*q + 2. Let y be l(-13). Suppose 19*t = y + 2184. What are the prime factors of t?
5, 59
Let o be (-71 + -2)*(-8)/2. Let c be o/(-10)*25/(-10). Suppose 3*d + 3*j - 80 = c, d = 5*j + 33. What are the prime factors of d?
2, 3
Let x(u) be the third derivative of u**6/120 - u**5/12 - u**4/6 - 4*u**3/3 + 8*u**2. List the prime factors of x(7).
2, 31
Suppose 0 = -3*d - 6, 5*n - 3*d - 88 = 8. Suppose -6*q - 1296 = -n*q. What are the prime factors of q?
2, 3
Suppose 0 = 7*m - 6*m. Suppose m = 3*u - 2*u. Suppose -4*l = 5*r - 74, u*r - 107 = -5*l + r. What are the prime factors of l?
3, 7
Let a(g) = 19*g + 3. Let m(r) = -18*r - 4. Let y(i) = 6*a(i) + 5*m(i). What are the prime factors of y(5)?
2, 59
Suppose -1885 = -4*a + g, -5*a - 2*g + 1880 = -473. What are the prime factors of a?
3, 157
Let n = -8 - -5. Let c(w) = -2*w**2 + 6*w - 6. Let l(v) = -v + 1. Let h(k) = -c(k) - 3*l(k). What are the prime factors of h(n)?
2, 3, 5
Let f = -16 + 18. Suppose f*l - 24 = 8*l. What are the prime factors of 6 + 1 + l + 25?
2, 7
Suppose 3*n - 3*i - 973 = -2*i, -i = 3*n - 983. List the prime factors of n.
2, 163
Let q(w) = w**2 + 8*w - 33. Let u be q(-11). Suppose -3*b + 390 = -u*b. List the prime factors of b.
2, 5, 13
Let d(v) = v**3 - 11*v**2 - 11*v + 6. Let y = -23 + 35. Let s be d(y). Suppose s = 2*o - 14. What are the prime factors of o?
2
Suppose 2*p - 1683 - 953 = -5*t, 0 = -2*t + 8. List the prime factors of p.
2, 3, 109
Suppose 0 = -5*f + 3*i + 46, -36 = -9*f + 4*f - 2*i. Suppose -2*k = -f - 16. What are the prime factors of k?
2, 3
Suppose 5548 = 4*s - 4*c, -4*s - 42*c + 43*c + 5542 = 0. List the prime factors of s.
5, 277
Let r(q) = -6*q**2 + 6*q + 18. Let y be r(-5). Let l = -48 - y. List the prime factors of l.
2, 3, 19
List the prime factors of 241 - (4/(-14) + 360/84).
3, 79
Suppose w - 14 = -5*u, -5*u - w + 3*w = -17. Suppose 3*h = -u*h + 534. What are the prime factors of h?
89
Suppose -216 = 4*b - 0*b. Let n be 12/b - 29/(-9). Suppose 2*k + 3*z - 12 = 0, k = 5*k - n*z - 60. List the prime factors of k.
2, 3
Let a be 4/(-16) + (0 - (-1)/4). Suppose a = 2*v - 5*o - 93 - 273, 0 = v + 2*o - 192. What are the prime factors of v?
2, 47
Let u = 3620 + -647. What are the prime factors of u?
3, 991
Suppose 2*v + 0*h + 2*h - 24 = 0, 0 = 3*v + 2*h - 41. Suppose v*i + 244 = 19*i. List the prime factors of i/12 - (-5)/(-30).
2, 5
List the prime factors of (5 + 66 + -5)/(14/399).
3, 11, 19
List the prime factors of 668 + 140/14 - 3*-2.
2, 3, 19
Let i be 1/(-1)*30/15. Let n be 3/(-9) + i/3. List the prime factors of (-4)/(-3)*12 - n